
True
Is 13537 a prime number?
True
Is 833117 a prime number?
True
Is 1357 a composite number?
True
Is 789 composite?
True
Is 2654 a prime number?
False
Is 30619 prime?
False
Is 26473 a prime number?
False
Is 378071 a composite number?
False
Is 3427 a composite number?
True
Is 19841 prime?
True
Is 129529 a composite number?
False
Is 326621 a composite number?
True
Is 637243 a prime number?
True
Is 3226 prime?
False
Is 1073 a prime number?
False
Is 6823 a prime number?
True
Is 3251 prime?
True
Is 691 prime?
True
Is 85282 composite?
True
Is 1026733 a composite number?
False
Is 16787 a composite number?
False
Is 3593 a prime number?
True
Is 873913 composite?
False
Is 3831 a composite number?
True
Is 17291 prime?
True
Is 295663 prime?
True
Is 2231 a prime number?
False
Is 240109 prime?
True
Is 223413 a prime number?
False
Is 209431 a prime number?
True
Is 115309 composite?
False
Is 20929 a composite number?
False
Is 29681 composite?
True
Is 483071 a composite number?
False
Is 2101 a composite number?
True
Is 237727 a composite number?
True
Is 12599 composite?
True
Is 6029 a prime number?
True
Is 216115 a composite number?
True
Is 222593 a composite number?
True
Is 2099 a composite number?
False
Is 478523 prime?
True
Is 1042 prime?
False
Is 172709 a composite number?
False
Is 4031 a prime number?
False
Is 629 prime?
False
Is 901 a composite number?
True
Is 4271 a prime number?
True
Is 1891 composite?
True
Is 334231 composite?
False
Is 4333 a composite number?
True
Is 5669 a prime number?
True
Is 9379 a composite number?
True
Is 496927 composite?
True
Is 1467159 a composite number?
True
Is 5669 composite?
False
Is 299281 composite?
False
Is 25013 prime?
True
Is 7613 prime?
False
Is 62443 composite?
True
Is 2083643 composite?
False
Is 11311 a composite number?
False
Is 43391 a prime number?
True
Is 5737 a prime number?
True
Is 1151 a prime number?
True
Is 158987 a prime number?
False
Is 4663 a prime number?
True
Is 24929 prime?
False
Is 1098145 composite?
True
Is 392801 composite?
True
Is 135419 a prime number?
False
Is 1293 composite?
True
Is 29123 composite?
False
Is 13085 a prime number?
False
Is 23399 a composite number?
False
Is 74615 a prime number?
False
Is 4937 composite?
False
Is 38849 a prime number?
False
Is 6067 a composite number?
False
Is 40063 a composite number?
False
Is 368773 a composite number?
False
Is 11819 prime?
False
Is 958121 a prime number?
True
Is 992111 prime?
True
Is 2723 a composite number?
True
Is 27785 a prime number?
False
Is 466997 prime?
True
Is 571841 composite?
False
Is 6547 a prime number?
True
Is 1087061 prime?
True
Is 181889 a composite number?
False
Is 10007 a composite number?
False
Is 14591 a composite number?
False
Is 396026 prime?
False
Is 121039 composite?
False
Is 2022193 prime?
False
Is 185945 prime?
False
Is 4721 prime?
True
Is 206447 a composite number?
False
Is 15727 a composite number?
False
Is 32713 a composite number?
False
Is 3147 a composite number?
True
Is 668273 a composite number?
False
Is 42937 prime?
True
Is 105649 prime?
True
Is 28871 a prime number?
True
Is 4293377 a composite number?
True
Is 3251 a composite number?
False
Is 102707 a prime number?
False
Is 21089 prime?
True
Is 7897 prime?
False
Is 12335 composite?
True
Is 2428235 prime?
False
Is 208727 prime?
False
Is 751 a prime number?
True
Is 125611 a prime number?
False
Is 667237 composite?
True
Is 197429 a prime number?
False
Is 55967 composite?
False
Is 6749 a prime number?
False
Is 667417 a composite number?
False
Is 4909 a prime number?
True
Is 647 prime?
True
Is 92077 composite?
False
Is 26665 a prime number?
False
Is 39653 composite?
True
Is 11981 a prime number?
True
Is 23923 composite?
True
Is 60509 prime?
True
Is 15179 a prime number?
False
Is 16034 a prime number?
False
Is 519349 a composite number?
False
Is 28603 prime?
True
Is 2879 a composite number?
False
Is 274 a composite number?
True
Is 1150718 composite?
True
Is 8657 a composite number?
True
Is 1196209 a composite number?
True
Is 6067 prime?
True
Is 1544527 a prime number?
True
Is 192903 a composite number?
True
Is 734 a prime number?
False
Is 19961 prime?
True
Is 1921 prime?
False
Is 1613771 composite?
False
Is 1630441 composite?
False
Is 3719 a prime number?
True
Is 89 composite?
False
Is 347219 a composite number?
True
Is 471463 a prime number?
False
Is 985691 a prime number?
False
Is 17077 a prime number?
True
Is 82933 composite?
True
Is 1397437 a prime number?
True
Is 1352489 prime?
True
Is 24317 composite?
False
Is 30029 a composite number?
False
Is 5263 a composite number?
True
Is 497867 prime?
True
Is 1093385 prime?
False
Is 14281 composite?
False
Is 2413 prime?
False
Is 15013 a prime number?
True
Is 1418 prime?
False
Is 33519 a composite number?
True
Is 546479 composite?
False
Is 85793 composite?
False
Is 893213 composite?
False
Is 38389 a prime number?
False
Is 991793 composite?
True
Is 26119 a prime number?
True
Is 367751 composite?
False
Is 2479 a composite number?
True
Is 104281 prime?
True
Is 524143 prime?
False
Is 127615 prime?
False
Is 3149 a composite number?
True
Is 889 composite?
True
Is 39089 prime?
True
Is 4963 composite?
True
Is 75689 a prime number?
True
Is 3863 a composite number?
False
Is 4703 a composite number?
False
Is 7321 composite?
False
Is 155107 prime?
False
Is 40191 composite?
True
Is 436907 a prime number?
False
Is 7019 composite?
False
Is 10799 a composite number?
False
Is 55433 a composite number?
True
Is 443 prime?
True
Is 18497 prime?
False
Is 2560339 composite?
False
Is 56261 a prime number?
False
Is 38107 prime?
False
Is 1240669 composite?
False
Is 542587 prime?
True
Is 12517 prime?
True
Is 408647 prime?
False
Is 3787 a prime number?
False
Is 784447 a prime number?
True
Is 129949 a composite number?
True
Is 407021 a composite number?
True
Is 19519 a composite number?
True
Is 149927 prime?
False
Is 84947 prime?
True
Is 491899 prime?
True
Is 78137 a composite number?
False
Is 121843 composite?
False
Is 183167 a composite number?
False
Is 4997 prime?
False
Is 19457 composite?
False
Is 120093 a composite number?
True
Is 6439 prime?
False
Is 105953 a prime number?
True
Is 31121 composite?
False
Is 32467 a prime number?
True
Is 2357 composite?
False
Is 547169 prime?
False
Is 50581 a prime number?
True
Is 52081 composite?
False
Is 5381 composite?
False
Is 86399 a composite number?
False
Is 21207 prime?
False
Is 396313 composite?
True
Is 43379 prime?
False
Is 922763 composite?
True
Is 147961 composite?
True
Is 29813 a composite number?
True
Is 193723 composite?
False
Is 1088855 a composite number?
True
Is 7219 a prime number?
True
Is 128143 a composite number?
True
Is 265757 prime?
True
Is 11090995 composite?
True
Is 203173 a prime number?
True
Is 4591 composite?
False
Is 3659 a composite number?
False
Is 32245 a composite number?
True
Is 24391 a composite number?
False
Is 401107 prime?
False
Is 13379 prime?
False
Is 17197 a composite number?
True
Is 322807 composite?
False
Is 1847 composite?
False
Is 17503 a composite number?
True
Is 29717 a composite number?
False
Is 27595 a composite number?
True
Is 2385433 a composite number?
False
Is 1633 a composite number?
True
Is 4747 a composite number?
True
Is 137699 prime?
True
Is 51999 a prime number?
False
Is 22991 composite?
True
Is 100235 composite?
True
Is 30289 a prime number?
False
Is 1067 composite?
True
Is 30449 a composite number?
False
Is 2927 prime?
True
Is 3233 a composite number?
True
Is 369007 a composite number?
False
Is 3377639 a composite number?
True
Is 1709 composite?
False
Is 434755 composite?
True
Is 158519 composite?
False
Is 2039 prime?
True
Is 664949 composite?
False
Is 687851 a prime number?
False
Is 175586 composite?
True
Is 493853 a prime number?
True
Is 160013 a composite number?
True
Is 40459 a prime number?
True
Is 369011 a prime number?
False
Is 38741 a composite number?
True
Is 5849 prime?
True
Is 1047539 a prime number?
True
Is 58309 composite?
False
Is 33101 a composite number?
True
Is 16293 a composite number?
True
Is 8147 prime?
True
Is 356669 prime?
False
Is 11957 prime?
False
Is 1894 composite?
True
Is 731213 a composite number?
True
Is 1611671 composite?
True
Is 2126231 prime?
False
Is 38578 prime?
False
Is 215299 prime?
False
Is 44818 a prime n